16883592?
6
What is the thousands digit of 568311?
8
What is the hundreds digit of 4488849?
8
What is the tens digit of 1193372?
7
What is the hundred thousands digit of 4543269?
5
What is the tens digit of 11835?
3
What is the hundred thousands digit of 575274?
5
What is the hundred thousands digit of 5694740?
6
What is the hundreds digit of 749498?
4
What is the hundred thousands digit of 745938?
7
What is the hundreds digit of 449827?
8
What is the hundreds digit of 222775?
7
What is the hundreds digit of 421725?
7
What is the tens digit of 38322?
2
What is the hundreds digit of 803105?
1
What is the thousands digit of 1656376?
6
What is the hundred thousands digit of 1337858?
3
What is the ten thousands digit of 67139?
6
What is the thousands digit of 25595882?
5
What is the ten thousands digit of 2384124?
8
What is the units digit of 1051522?
2
What is the ten thousands digit of 687675?
8
What is the tens digit of 51009?
0
What is the ten thousands digit of 2659506?
5
What is the units digit of 2204406?
6
What is the ten thousands digit of 10995?
1
What is the ten thousands digit of 10321388?
2
What is the tens digit of 5975787?
8
What is the millions digit of 2509187?
2
What is the tens digit of 3205601?
0
What is the units digit of 3434242?
2
What is the millions digit of 2114907?
2
What is the thousands digit of 91019?
1
What is the units digit of 6333188?
8
What is the ten thousands digit of 286766?
8
What is the millions digit of 1040189?
1
What is the units digit of 5867912?
2
What is the ten thousands digit of 867366?
6
What is the ten thousands digit of 27921195?
2
What is the tens digit of 2485184?
8
What is the hundred thousands digit of 531055?
5
What is the thousands digit of 1463793?
3
What is the units digit of 3662018?
8
What is the ten thousands digit of 566031?
6
What is the tens digit of 128234?
3
What is the hundreds digit of 13755236?
2
What is the tens digit of 1042549?
4
What is the ten thousands digit of 89733?
8
What is the tens digit of 9762430?
3
What is the thousands digit of 3264736?
4
What is the units digit of 283146?
6
What is the hundreds digit of 4760467?
4
What is the hundreds digit of 59312?
3
What is the hundreds digit of 12945300?
3
What is the thousands digit of 23864749?
4
What is the hundred thousands digit of 7125170?
1
What is the hundreds digit of 7353383?
3
What is the millions digit of 3212550?
3
What is the thousands digit of 21764103?
4
What is the millions digit of 4282651?
4
What is the millions digit of 2253066?
2
What is the ten thousands digit of 480172?
8
What is the units digit of 319?
9
What is the units digit of 9252906?
6
What is the thousands digit of 145547?
5
What is the ten thousands digit of 1068780?
6
What is the tens digit of 140495?
9
What is the ten thousands digit of 3848536?
4
What is the thousands digit of 1419987?
9
What is the hundreds digit of 19703042?
0
What is the thousands digit of 2111148?
1
What is the thousands digit of 3851622?
1
What is the ten thousands digit of 205285?
0
What is the hundred thousands digit of 2217744?
2
What is the hundreds digit of 388929?
9
What is the units digit of 2629597?
7
What is the units digit of 1820958?
8
What is the hundreds digit of 741951?
9
What is the millions digit of 8740090?
8
What is the millions digit of 5057879?
5
What is the thousands digit of 5968171?
8
What is the hundreds digit of 44988?
9
What is the ten thousands digit of 13764939?
6
What is the hundred thousands digit of 2069771?
0
What is the ten millions digit of 19038270?
1
What is the thousands digit of 132109?
2
What is the units digit of 22068?
8
What is the hundreds digit of 23792657?
6
What is the hundred thousands digit of 4789865?
7
What is the millions digit of 1188308?
1
What is the tens digit of 2325718?
1
What is the hundred thousands digit of 12754969?
7
What is the units digit of 227550?
0
What is the thousands digit of 4210287?
0
What is the millions digit of 2044478?
2
What is the ten thousands digit of 479834?
7
What is the hundred thousands digit of 465481?
4
What is the ten thousands digit of 6237965?
3
What is the tens digit of 5170189?
8
What is the ten millions digit of 12620317?
1
What is the ten thousands digit of 152861?
5
What is the thousands digit of 924277?
4
What is the ten thousands digit of 6581224?
8
What is the ten thousands digit of 6912073?
1
What is the thousands digit of 992481?
2
What is the tens digit of 428396?
9
What is the hundreds digit of 17203043?
0
What is the millions digit of 5800330?
5
What is the hundred thousands digit of 3987941?
9
What is the ten thousands digit of 4630343?
3
What is the hundreds digit of 162075?
0
What is the units digit of 184746?
6
What is the ten thousands digit of 165328?
6
What is the tens digit of 832162?
6
What is the thousands digit of 235662?
5
What is the tens digit of 1867977?
7
What is the tens digit of 197279?
7
What is the hundreds digit of 4393977?
9
What is the ten thousands digit of 79733?
7
What is the hundreds digit of 1969816?
8
What is the ten thousands digit of 892844?
9
What is the hundred thousands digit of 238811?
2
What is the thousands digit of 467396?
7
What is the units digit of 3309714?
4
What is the thousands digit of 6827748?
7
What is the tens digit of 43923?
2
What is the tens digit of 552006?
0
What is the hundreds digit of 494520?
5
What is the hundred thousands digit of 12859435?
8
What is the units digit of 380154?
4
What is the ten thousands digit of 3652570?
5
What is the thousands digit of 364450?
4
What is the tens digit of 882520?
2
What is the tens digit of 130729?
2
What is the millions digit of 8103036?
8
What is the hundreds digit of 671131?
1
What is the thousands digit of 2681513?
1
What is the thousands digit of 225488?
5
What is the hundred thousands digit of 208513?
2
What is the units digit of 552847?
7
What is the thousands digit of 36110562?
0
What is the tens digit of 57323?
2
What is the hundreds digit of 4947378?
3
What is the tens digit of 117327?
2
What is the units digit of 5328202?
2
What is the units digit of 2197764?
4
What is the ten thousands digit of 64518?
6
What is the ten thousands digit of 26612630?
1
What is the tens digit of 11808787?
8
What is the tens digit of 358625?
2
What is the tens digit of 211029?
2
What is the units digit of 896358?
8
What is the hundreds digit of 818269?
2
What is the units digit of 462333?
3
What is the tens digit of 4866816?
1
What is the units digit of 3917908?
8
What is the tens digit of 564345?
4
What is the tens digit of 39110572?
7
What is the units digit of 7304970?
0
What is the ten thousands digit of 11603067?
0
What is the ten thousands digit of 22130905?
3
What is the units digit of 101377?
7
What is the hundred thousands digit of 1869851?
8
What is the units digit of 5864764?
4
What is the tens digit of 1647747?
4
What is the hundreds digit of 3990572?
5
What is the hundred thousands digit of 1228846?
2
What is the hundreds digit of 312462?
4
What is the thousands digit of 275943?
5
What is the tens digit of 735362?
6
What is the hundreds digit of 2911051?
0
What is the ten thousands digit of 6937589?
3
What is the ten millions digit of 11760988?
1
What is the hundreds digit of 327774?
7
What is the hundreds digit of 12605822?
8
What is the units digit of 280684?
4
What is the hundred thousands digit of 110733?
1
What is the hundreds digit of 12056163?
1
What is the units digit of 11821?
1
What is the hundred thousands digit of 206637?
2
What is the tens digit of 929575?
7
What is the hundred thousands digit of 3161118?
1
What is the millions digit of 11091354?
1
What is the hundreds digit of 798594?
5
What is the thousands digit of 15157528?
7
What is the tens digit of 22311?
1
What is the thousands digit of 4282296?
2
What is the thousands digit of 3710513?
0
What is the ten thousands digit of 122130?
2
What is the thousands digit of 2122384?
2
What is the hundred thousands digit of 4694391?
6
What is the hundreds digit of 248748?
7
What is the units digit of 158822?
2
What is the hundreds digit of 313361?
3
What is the hundreds digit of 111908?
9
What is the hundred thousands digit of 117674?
1
What is the units digit of 2909201?
1
What is the tens digit of 70013?
1
Wha